s digit of 251347?
4
What is the hundreds digit of 24195?
1
What is the thousands digit of 885915?
5
What is the hundreds digit of 76704?
7
What is the hundred thousands digit of 668608?
6
What is the units digit of 344638?
8
What is the tens digit of 3131441?
4
What is the tens digit of 961489?
8
What is the tens digit of 3109828?
2
What is the millions digit of 1521397?
1
What is the millions digit of 5155295?
5
What is the millions digit of 12997009?
2
What is the ten thousands digit of 634859?
3
What is the millions digit of 10984009?
0
What is the ten thousands digit of 1150405?
5
What is the tens digit of 11717?
1
What is the ten thousands digit of 13804918?
0
What is the units digit of 1508332?
2
What is the tens digit of 463968?
6
What is the hundred thousands digit of 3557703?
5
What is the tens digit of 3475415?
1
What is the units digit of 1199890?
0
What is the thousands digit of 2885276?
5
What is the ten thousands digit of 208401?
0
What is the tens digit of 1486934?
3
What is the hundred thousands digit of 522221?
5
What is the thousands digit of 517255?
7
What is the tens digit of 111044?
4
What is the ten thousands digit of 2542691?
4
What is the hundred thousands digit of 1048715?
0
What is the units digit of 19803069?
9
What is the ten thousands digit of 980833?
8
What is the hundred thousands digit of 2183290?
1
What is the thousands digit of 691266?
1
What is the thousands digit of 24627206?
7
What is the tens digit of 60375?
7
What is the hundred thousands digit of 27217394?
2
What is the ten thousands digit of 26761064?
6
What is the hundred thousands digit of 281729?
2
What is the ten thousands digit of 1509305?
0
What is the tens digit of 935597?
9
What is the thousands digit of 13548266?
8
What is the thousands digit of 1303434?
3
What is the millions digit of 2626483?
2
What is the hundreds digit of 193653?
6
What is the units digit of 10068089?
9
What is the thousands digit of 1030800?
0
What is the millions digit of 1578686?
1
What is the ten thousands digit of 1091582?
9
What is the tens digit of 136322?
2
What is the ten thousands digit of 254564?
5
What is the thousands digit of 296495?
6
What is the thousands digit of 5729480?
9
What is the units digit of 109425?
5
What is the tens digit of 585738?
3
What is the thousands digit of 3582965?
2
What is the thousands digit of 130827?
0
What is the ten thousands digit of 2431122?
3
What is the tens digit of 6892410?
1
What is the millions digit of 6536830?
6
What is the hundreds digit of 492253?
2
What is the thousands digit of 564634?
4
What is the hundred thousands digit of 555807?
5
What is the tens digit of 689118?
1
What is the tens digit of 190013?
1
What is the thousands digit of 2486239?
6
What is the tens digit of 305092?
9
What is the thousands digit of 12605813?
5
What is the hundreds digit of 155051?
0
What is the tens digit of 598099?
9
What is the units digit of 25530490?
0
What is the hundred thousands digit of 136392?
1
What is the tens digit of 441127?
2
What is the units digit of 157004?
4
What is the millions digit of 2447348?
2
What is the tens digit of 2717926?
2
What is the units digit of 426531?
1
What is the tens digit of 72263?
6
What is the hundred thousands digit of 399390?
3
What is the ten thousands digit of 6373727?
7
What is the thousands digit of 732912?
2
What is the thousands digit of 1289095?
9
What is the tens digit of 252859?
5
What is the hundreds digit of 16958206?
2
What is the tens digit of 657736?
3
What is the ten thousands digit of 217681?
1
What is the hundreds digit of 1026645?
6
What is the thousands digit of 1349725?
9
What is the hundred thousands digit of 27338042?
3
What is the hundreds digit of 1716477?
4
What is the thousands digit of 5730176?
0
What is the millions digit of 1810282?
1
What is the thousands digit of 111723?
1
What is the units digit of 956422?
2
What is the thousands digit of 194351?
4
What is the hundred thousands digit of 2974080?
9
What is the hundreds digit of 12899218?
2
What is the hundreds digit of 697720?
7
What is the millions digit of 1255526?
1
What is the hundreds digit of 78616?
6
What is the millions digit of 1703309?
1
What is the hundreds digit of 477645?
6
What is the units digit of 20032592?
2
What is the hundred thousands digit of 314511?
3
What is the thousands digit of 9041637?
1
What is the hundred thousands digit of 871366?
8
What is the millions digit of 12855841?
2
What is the tens digit of 201602?
0
What is the thousands digit of 53370?
3
What is the tens digit of 1055408?
0
What is the thousands digit of 135945?
5
What is the tens digit of 2842228?
2
What is the tens digit of 134925?
2
What is the ten thousands digit of 562522?
6
What is the thousands digit of 141428?
1
What is the millions digit of 4752435?
4
What is the units digit of 5320776?
6
What is the thousands digit of 4861939?
1
What is the ten thousands digit of 2471290?
7
What is the thousands digit of 143472?
3
What is the units digit of 8815850?
0
What is the units digit of 368501?
1
What is the millions digit of 9127160?
9
What is the tens digit of 685228?
2
What is the units digit of 22067?
7
What is the tens digit of 5457903?
0
What is the hundred thousands digit of 143729?
1
What is the hundred thousands digit of 195252?
1
What is the tens digit of 149083?
8
What is the millions digit of 1153969?
1
What is the thousands digit of 3047662?
7
What is the hundred thousands digit of 1418233?
4
What is the ten thousands digit of 164012?
6
What is the hundreds digit of 271749?
7
What is the millions digit of 2552997?
2
What is the thousands digit of 1088281?
8
What is the millions digit of 2941442?
2
What is the millions digit of 4159717?
4
What is the ten millions digit of 26376229?
2
What is the hundred thousands digit of 4927166?
9
What is the hundreds digit of 3497453?
4
What is the hundreds digit of 169798?
7
What is the units digit of 13164?
4
What is the hundred thousands digit of 16333091?
3
What is the thousands digit of 437564?
7
What is the thousands digit of 28735707?
5
What is the hundred thousands digit of 8944487?
9
What is the ten thousands digit of 745517?
4
What is the hundred thousands digit of 705591?
7
What is the tens digit of 6877060?
6
What is the tens digit of 131137?
3
What is the hundreds digit of 141403?
4
What is the millions digit of 15362180?
5
What is the ten thousands digit of 95446?
9
What is the ten thousands digit of 376378?
7
What is the ten thousands digit of 8400801?
0
What is the tens digit of 4658959?
5
What is the thousands digit of 244180?
4
What is the tens digit of 24213561?
6
What is the hundred thousands digit of 4271945?
2
What is the hundred thousands digit of 266335?
2
What is the thousands digit of 371094?
1
What is the thousands digit of 52097?
2
What is the units digit of 1399870?
0
What is the tens digit of 2035130?
3
What is the hundred thousands digit of 941998?
9
What is the hundreds digit of 813659?
6
What is the ten thousands digit of 247812?
4
What is the ten thousands digit of 11049107?
4
What is the ten millions digit of 17588564?
1
What is the units digit of 69284?
4
What is the units digit of 4831397?
7
What is the millions digit of 2966331?
2
What is the millions digit of 2096053?
2
What is the hundreds digit of 71658?
6
What is the tens digit of 502786?
8
What is the units digit of 3005088?
8
What is the units digit of 11881105?
5
What is the hundreds digit of 1816853?
8
What is the hundreds digit of 2905108?
1
What is the thousands digit of 700910?
0
What is the ten thousands digit of 918993?
1
What is the tens digit of 8801628?
2
What is the thousands digit of 19093?
9
What is the tens digit of 15740714?
1
What is the hundred thousands digit of 2536148?
5
What is the ten thousands digit of 5157312?
5
What is the hundreds digit of 665527?
5
What is the hundreds digit of 183866?
8
What is the tens digit of 29212854?
5
What is the hundred thousands digit of 438785?
4
What is the millions digit of 1575729?
1
What is the ten thousands digit of 1810085?
1
What is the hundred thousands digit of 902273?
9
What is the hundred thousands digit of 4668002?
6
What is the hundreds digit of 2832551?
5
What is the hundreds digit of 20292199?
1
What is th